{"id":21,"date":"2017-09-11T05:49:52","date_gmt":"2017-09-11T03:49:52","guid":{"rendered":"http:\/\/mk.mkskynsperk.cz\/wordpress\/?page_id=21"},"modified":"2025-03-10T13:33:21","modified_gmt":"2025-03-10T12:33:21","slug":"e-knihy","status":"publish","type":"page","link":"http:\/\/mk.mkskynsperk.cz\/wordpress\/e-knihy\/","title":{"rendered":"E-knihy a e-audioknihy"},"content":{"rendered":"<p><strong>slu\u017eba \u2013 p\u016fj\u010dov\u00e1n\u00ed e-knih a audioknih<\/strong><\/p>\n<p>&nbsp;<\/p>\n<p><strong>SLU\u017dBA \u2013 P\u016eJ\u010cOV\u00c1N\u00cd E-KNIH A\u00a0 E-AUDIOKNIH<\/strong>. Ji\u017e \u017e\u00e1dn\u00e9 \u010dek\u00e1n\u00ed na bestsellery a obl\u00edben\u00e9 autory! P\u016fj\u010dov\u00e1n\u00ed e-knih a e-audioknih prost\u0159ednictv\u00edm online knihkupectv\u00ed Palmknihy.cz. Slu\u017eba je ur\u010dena \u010dten\u00e1\u0159\u016fm s aktivn\u00edm \u010dten\u00e1\u0159sk\u00fdm kontem a je nab\u00edzena zdarma.<\/p>\n<p><strong>Krok za krokem k\u00a0e-knize \u010di audioknize<\/strong><\/p>\n<p>Registrovan\u00ed \u010dten\u00e1\u0159i si mohou zap\u016fj\u010dit 2 tituly sou\u010dasn\u011b (2 e-knihy nebo 2 audioknihy \u010di 1 e-kniha + 1e-audiokniha). V\u00fdp\u016fj\u010dn\u00ed doba ka\u017ed\u00e9ho titulu je 31 dn\u00ed. V\u00fdp\u016fj\u010dky nelze vracet d\u0159\u00edve.<\/p>\n<p><strong>Jak se zapojit do eV\u00fdp\u016fj\u010dek a audioV\u00fdp\u016fj\u010dek:<\/strong><\/p>\n<ol>\n<li>M\u00edt platnou registraci v\u00a0knihovn\u011b. St\u00e1hnout si aplikaci Palmknihy do \u010dtec\u00edho za\u0159\u00edzen\u00ed, kter\u00e1 je k dispozici ke sta\u017een\u00ed zdarma na Google Play pro Android (verze 5a vy\u0161\u0161\u00ed) nebo p\u0159es App store pro iOS (verze 11a vy\u0161\u0161\u00ed).\u00a0<u><a href=\"https:\/\/www.vkol.cz\/uploads\/news\/338\/doc\/kompatibilni-hw-ctecky-s-aplikaci-palmknihy.pdf\">Kompatibiln\u00ed HW \u010dte\u010dky.<\/a><\/u><\/li>\n<li>M\u00edt ve sv\u00e9m \u010dten\u00e1\u0159sk\u00e9m kont\u011b v knihovn\u011b zadan\u00fd e-mail.<\/li>\n<li>V aplikaci Palmknihy se registrovat stejn\u00fdm e-mailem, kter\u00fdm jste registrov\u00e1ni v knihovn\u011b. P\u0159\u00edpadn\u011b oznamte jinou emailovou adresu knihovn\u011b.<\/li>\n<\/ol>\n<p><strong>Jak si vyp\u016fj\u010dit e-knihu\/audioknihu:<\/strong><\/p>\n<ol>\n<li>E-knihy\/audioknihy lze vyp\u016fj\u010dit v\u00fdhradn\u011b p\u0159es katalog na\u0161\u00ed knihovny.<\/li>\n<li>P\u0159ihlaste se do on-line katalogu<\/li>\n<li>U vybran\u00e9ho titulu zvolte tla\u010d\u00edtko\u00a0<strong>P\u016fj\u010dit e-knihu<\/strong>nebo\u00a0<strong>P\u016fj\u010dit e-audioknihu<\/strong>.<\/li>\n<li><strong>Jak otev\u0159\u00edt e-knihu \/ audioknihu:<\/strong><\/li>\n<\/ol>\n<ol>\n<li>V aplikaci Palmknihy jd\u011bte na sekci\u00a0<strong>Moje e-knihy<\/strong>nebo\u00a0<strong>Moje audioknihy<\/strong>.<\/li>\n<li>Zm\u00e1\u010dkn\u011bte tla\u010d\u00edtko\u00a0<strong>Aktualizovat knihovnu<\/strong>.<\/li>\n<li>Kliknut\u00edm na ob\u00e1lku st\u00e1hnete knihu, po tomto kroku lze e-knihu \u010d\u00edst i bez p\u0159ipojen\u00ed k internetu. U audioknih si ov\u011b\u0159te, zda se v\u00e1m do za\u0159\u00edzen\u00ed st\u00e1hly v\u0161echny namluven\u00e9 kapitoly, ne\u017e se odpoj\u00edte z internetu.<\/li>\n<\/ol>\n<p>Za 31 dn\u00ed se kniha sama vr\u00e1t\u00ed. Pot\u00e9 si m\u016f\u017eete p\u016fj\u010dit nov\u00fd titul.<\/p>\n<p>&nbsp;<\/p>\n<p><u><a href=\"https:\/\/www.vkol.cz\/uploads\/news\/338\/doc\/eknihy-navod.pdf\">\u00a0<\/a><\/u><\/p>\n<p><strong>\u00a0<\/strong><\/p>\n","protected":false},"excerpt":{"rendered":"<p>slu\u017eba \u2013 p\u016fj\u010dov\u00e1n\u00ed e-knih a audioknih &nbsp; SLU\u017dBA \u2013 P\u016eJ\u010cOV\u00c1N\u00cd E-KNIH A\u00a0 E-AUDIOKNIH. Ji\u017e \u017e\u00e1dn\u00e9 \u010dek\u00e1n\u00ed na bestsellery a obl\u00edben\u00e9 autory! P\u016fj\u010dov\u00e1n\u00ed e-knih a e-audioknih prost\u0159ednictv\u00edm online knihkupectv\u00ed Palmknihy.cz. Slu\u017eba je ur\u010dena \u010dten\u00e1\u0159\u016fm s aktivn\u00edm \u010dten\u00e1\u0159sk\u00fdm kontem a je nab\u00edzena zdarma. Krok za krokem k\u00a0e-knize \u010di audioknize Registrovan\u00ed \u010dten\u00e1\u0159i si \u2026<\/p>\n","protected":false},"author":1,"featured_media":0,"parent":0,"menu_order":2,"comment_status":"closed","ping_status":"closed","template":"","meta":{"footnotes":"","_links_to":"","_links_to_target":""},"class_list":["post-21","page","type-page","status-publish","hentry"],"yoast_head":"<!-- This site is optimized with the Yoast SEO plugin v17.8 - https:\/\/yoast.com\/wordpress\/plugins\/seo\/ -->\n<title>E-knihy a e-audioknihy - M\u011bstsk\u00e1 knihovna<\/title>\n<meta name=\"robots\" content=\"index, follow, max-snippet:-1, max-image-preview:large, max-video-preview:-1\" \/>\n<link rel=\"canonical\" href=\"http:\/\/mk.mkskynsperk.cz\/wordpress\/e-knihy\/\" \/>\n<meta property=\"og:locale\" content=\"cs_CZ\" \/>\n<meta property=\"og:type\" content=\"article\" \/>\n<meta property=\"og:title\" content=\"E-knihy a e-audioknihy - M\u011bstsk\u00e1 knihovna\" \/>\n<meta property=\"og:description\" content=\"slu\u017eba \u2013 p\u016fj\u010dov\u00e1n\u00ed e-knih a audioknih &nbsp; SLU\u017dBA \u2013 P\u016eJ\u010cOV\u00c1N\u00cd E-KNIH A\u00a0 E-AUDIOKNIH. Ji\u017e \u017e\u00e1dn\u00e9 \u010dek\u00e1n\u00ed na bestsellery a obl\u00edben\u00e9 autory! P\u016fj\u010dov\u00e1n\u00ed e-knih a e-audioknih prost\u0159ednictv\u00edm online knihkupectv\u00ed Palmknihy.cz. Slu\u017eba je ur\u010dena \u010dten\u00e1\u0159\u016fm s aktivn\u00edm \u010dten\u00e1\u0159sk\u00fdm kontem a je nab\u00edzena zdarma. Krok za krokem k\u00a0e-knize \u010di audioknize Registrovan\u00ed \u010dten\u00e1\u0159i si \u2026\" \/>\n<meta property=\"og:url\" content=\"http:\/\/mk.mkskynsperk.cz\/wordpress\/e-knihy\/\" \/>\n<meta property=\"og:site_name\" content=\"M\u011bstsk\u00e1 knihovna\" \/>\n<meta property=\"article:modified_time\" content=\"2025-03-10T12:33:21+00:00\" \/>\n<meta name=\"twitter:card\" content=\"summary\" \/>\n<meta name=\"twitter:label1\" content=\"Odhadovan\u00e1 doba \u010dten\u00ed\" \/>\n\t<meta name=\"twitter:data1\" content=\"2 minutes\" \/>\n<script type=\"application\/ld+json\" class=\"yoast-schema-graph\">{\"@context\":\"https:\/\/schema.org\",\"@graph\":[{\"@type\":\"WebSite\",\"@id\":\"http:\/\/mk.mkskynsperk.cz\/wordpress\/#website\",\"url\":\"http:\/\/mk.mkskynsperk.cz\/wordpress\/\",\"name\":\"M\\u011bstsk\\u00e1 knihovna\",\"description\":\"Kyn\\u0161perk nad Oh\\u0159\\u00ed\",\"potentialAction\":[{\"@type\":\"SearchAction\",\"target\":{\"@type\":\"EntryPoint\",\"urlTemplate\":\"http:\/\/mk.mkskynsperk.cz\/wordpress\/?s={search_term_string}\"},\"query-input\":\"required name=search_term_string\"}],\"inLanguage\":\"cs-CZ\"},{\"@type\":\"WebPage\",\"@id\":\"http:\/\/mk.mkskynsperk.cz\/wordpress\/e-knihy\/#webpage\",\"url\":\"http:\/\/mk.mkskynsperk.cz\/wordpress\/e-knihy\/\",\"name\":\"E-knihy a e-audioknihy - M\\u011bstsk\\u00e1 knihovna\",\"isPartOf\":{\"@id\":\"http:\/\/mk.mkskynsperk.cz\/wordpress\/#website\"},\"datePublished\":\"2017-09-11T03:49:52+00:00\",\"dateModified\":\"2025-03-10T12:33:21+00:00\",\"breadcrumb\":{\"@id\":\"http:\/\/mk.mkskynsperk.cz\/wordpress\/e-knihy\/#breadcrumb\"},\"inLanguage\":\"cs-CZ\",\"potentialAction\":[{\"@type\":\"ReadAction\",\"target\":[\"http:\/\/mk.mkskynsperk.cz\/wordpress\/e-knihy\/\"]}]},{\"@type\":\"BreadcrumbList\",\"@id\":\"http:\/\/mk.mkskynsperk.cz\/wordpress\/e-knihy\/#breadcrumb\",\"itemListElement\":[{\"@type\":\"ListItem\",\"position\":1,\"name\":\"Dom\\u016f\",\"item\":\"http:\/\/mk.mkskynsperk.cz\/wordpress\/\"},{\"@type\":\"ListItem\",\"position\":2,\"name\":\"E-knihy a e-audioknihy\"}]}]}<\/script>\n<!-- \/ Yoast SEO plugin. -->","yoast_head_json":{"title":"E-knihy a e-audioknihy - M\u011bstsk\u00e1 knihovna","robots":{"index":"index","follow":"follow","max-snippet":"max-snippet:-1","max-image-preview":"max-image-preview:large","max-video-preview":"max-video-preview:-1"},"canonical":"http:\/\/mk.mkskynsperk.cz\/wordpress\/e-knihy\/","og_locale":"cs_CZ","og_type":"article","og_title":"E-knihy a e-audioknihy - M\u011bstsk\u00e1 knihovna","og_description":"slu\u017eba \u2013 p\u016fj\u010dov\u00e1n\u00ed e-knih a audioknih &nbsp; SLU\u017dBA \u2013 P\u016eJ\u010cOV\u00c1N\u00cd E-KNIH A\u00a0 E-AUDIOKNIH. Ji\u017e \u017e\u00e1dn\u00e9 \u010dek\u00e1n\u00ed na bestsellery a obl\u00edben\u00e9 autory! P\u016fj\u010dov\u00e1n\u00ed e-knih a e-audioknih prost\u0159ednictv\u00edm online knihkupectv\u00ed Palmknihy.cz. Slu\u017eba je ur\u010dena \u010dten\u00e1\u0159\u016fm s aktivn\u00edm \u010dten\u00e1\u0159sk\u00fdm kontem a je nab\u00edzena zdarma. Krok za krokem k\u00a0e-knize \u010di audioknize Registrovan\u00ed \u010dten\u00e1\u0159i si \u2026","og_url":"http:\/\/mk.mkskynsperk.cz\/wordpress\/e-knihy\/","og_site_name":"M\u011bstsk\u00e1 knihovna","article_modified_time":"2025-03-10T12:33:21+00:00","twitter_card":"summary","twitter_misc":{"Odhadovan\u00e1 doba \u010dten\u00ed":"2 minutes"},"schema":{"@context":"https:\/\/schema.org","@graph":[{"@type":"WebSite","@id":"http:\/\/mk.mkskynsperk.cz\/wordpress\/#website","url":"http:\/\/mk.mkskynsperk.cz\/wordpress\/","name":"M\u011bstsk\u00e1 knihovna","description":"Kyn\u0161perk nad Oh\u0159\u00ed","potentialAction":[{"@type":"SearchAction","target":{"@type":"EntryPoint","urlTemplate":"http:\/\/mk.mkskynsperk.cz\/wordpress\/?s={search_term_string}"},"query-input":"required name=search_term_string"}],"inLanguage":"cs-CZ"},{"@type":"WebPage","@id":"http:\/\/mk.mkskynsperk.cz\/wordpress\/e-knihy\/#webpage","url":"http:\/\/mk.mkskynsperk.cz\/wordpress\/e-knihy\/","name":"E-knihy a e-audioknihy - M\u011bstsk\u00e1 knihovna","isPartOf":{"@id":"http:\/\/mk.mkskynsperk.cz\/wordpress\/#website"},"datePublished":"2017-09-11T03:49:52+00:00","dateModified":"2025-03-10T12:33:21+00:00","breadcrumb":{"@id":"http:\/\/mk.mkskynsperk.cz\/wordpress\/e-knihy\/#breadcrumb"},"inLanguage":"cs-CZ","potentialAction":[{"@type":"ReadAction","target":["http:\/\/mk.mkskynsperk.cz\/wordpress\/e-knihy\/"]}]},{"@type":"BreadcrumbList","@id":"http:\/\/mk.mkskynsperk.cz\/wordpress\/e-knihy\/#breadcrumb","itemListElement":[{"@type":"ListItem","position":1,"name":"Dom\u016f","item":"http:\/\/mk.mkskynsperk.cz\/wordpress\/"},{"@type":"ListItem","position":2,"name":"E-knihy a e-audioknihy"}]}]}},"_links":{"self":[{"href":"http:\/\/mk.mkskynsperk.cz\/wordpress\/wp-json\/wp\/v2\/pages\/21","targetHints":{"allow":["GET"]}}],"collection":[{"href":"http:\/\/mk.mkskynsperk.cz\/wordpress\/wp-json\/wp\/v2\/pages"}],"about":[{"href":"http:\/\/mk.mkskynsperk.cz\/wordpress\/wp-json\/wp\/v2\/types\/page"}],"author":[{"embeddable":true,"href":"http:\/\/mk.mkskynsperk.cz\/wordpress\/wp-json\/wp\/v2\/users\/1"}],"replies":[{"embeddable":true,"href":"http:\/\/mk.mkskynsperk.cz\/wordpress\/wp-json\/wp\/v2\/comments?post=21"}],"version-history":[{"count":6,"href":"http:\/\/mk.mkskynsperk.cz\/wordpress\/wp-json\/wp\/v2\/pages\/21\/revisions"}],"predecessor-version":[{"id":1163,"href":"http:\/\/mk.mkskynsperk.cz\/wordpress\/wp-json\/wp\/v2\/pages\/21\/revisions\/1163"}],"wp:attachment":[{"href":"http:\/\/mk.mkskynsperk.cz\/wordpress\/wp-json\/wp\/v2\/media?parent=21"}],"curies":[{"name":"wp","href":"https:\/\/api.w.org\/{rel}","templated":true}]}}